{"id":2,"date":"2025-08-02T12:03:23","date_gmt":"2025-08-02T12:03:23","guid":{"rendered":"http:\/\/swiatowi.pl\/?page_id=2"},"modified":"2025-08-08T14:35:35","modified_gmt":"2025-08-08T14:35:35","slug":"sample-page","status":"publish","type":"page","link":"https:\/\/swiatowi.pl\/?page_id=2","title":{"rendered":"Oferta dla klienta indywidualnego"},"content":{"rendered":"\n<div class=\"wp-block-wp-typography-typography\">\n<div class=\"wp-block-group slider-main-box alignfull has-global-padding is-layout-constrained wp-container-core-group-is-layout-e6f1036d wp-block-group-is-layout-constrained\" style=\"margin-top:0;margin-bottom:0;padding-top:0;padding-right:0;padding-bottom:0;padding-left:0\">\n<div class=\"wp-block-cover is-light\" style=\"padding-top:0;padding-right:0;padding-bottom:0;padding-left:0;min-height:850px;aspect-ratio:unset;\"><img decoding=\"async\" class=\"wp-block-cover__image-background wp-image-27\" alt src=\"https:\/\/swiatowi.pl\/wp-content\/themes\/travel-influencer-blogs\/assets\/images\/banner-bg.png\" data-object-fit=\"cover\"><span aria-hidden=\"true\" class=\"wp-block-cover__background has-background-dim-0 has-background-dim\"><\/span><div class=\"wp-block-cover__inner-container has-global-padding is-layout-constrained wp-container-core-cover-is-layout-bbfed3da wp-block-cover-is-layout-constrained\">\n<div class=\"wp-block-group has-global-padding is-layout-constrained wp-container-core-group-is-layout-d3e5fae5 wp-block-group-is-layout-constrained\" style=\"padding-right:0;padding-left:0\">\n<div class=\"wp-block-columns are-vertically-aligned-center is-layout-flex wp-container-core-columns-is-layout-8dc9b08b wp-block-columns-is-layout-flex\" style=\"margin-top:0;margin-bottom:0\">\n<div class=\"wp-block-column is-vertically-aligned-center slider-content is-layout-flow wp-block-column-is-layout-flow\" style=\"padding-top:0;padding-right:0;padding-bottom:0;padding-left:0\">\n<h2 class=\"wp-block-heading has-primary-color has-text-color has-link-color has-jost-font-family wp-elements-be0a62c178f535f1c8aa7044cb0c21c7\" style=\"margin-top:0;margin-bottom:15px;font-size:clamp(14px, 0.875rem + ((1vw - 3.2px) * 0.227), 16px);font-style:normal;font-weight:600\">Oferta indywidualna<\/h2>\n\n\n\n<h2 class=\"wp-block-heading slider-heading has-black-color has-text-color has-link-color has-jost-font-family wp-elements-21f0422677a4f2bdbfc3acdafccbec2d\" style=\"margin-top:0;margin-bottom:0px;font-size:clamp(24.034px, 1.502rem + ((1vw - 3.2px) * 1.814), 40px);font-style:normal;font-weight:700\">Zaplanuj rodzinne wakacje lub wyjazd we dwoje, samotn\u0105 w\u0119dr\u00f3wk\u0119?<\/h2>\n\n\n\n<div class=\"wp-block-buttons is-layout-flex wp-block-buttons-is-layout-flex\"><\/div>\n<\/div>\n\n\n\n<div class=\"wp-block-column is-vertically-aligned-center banner-image-wrap is-layout-flow wp-block-column-is-layout-flow\">\n<figure class=\"wp-block-image aligncenter size-full is-resized\"><img loading=\"lazy\" decoding=\"async\" width=\"1024\" height=\"1024\" src=\"https:\/\/swiatowi.pl\/wp-content\/uploads\/2025\/08\/rodzina.png\" alt class=\"wp-image-127\" style=\"width:234px;height:auto\" srcset=\"https:\/\/swiatowi.pl\/wp-content\/uploads\/2025\/08\/rodzina.png 1024w, https:\/\/swiatowi.pl\/wp-content\/uploads\/2025\/08\/rodzina-300x300.png 300w, https:\/\/swiatowi.pl\/wp-content\/uploads\/2025\/08\/rodzina-150x150.png 150w, https:\/\/swiatowi.pl\/wp-content\/uploads\/2025\/08\/rodzina-768x768.png 768w\" sizes=\"auto, (max-width: 1024px) 100vw, 1024px\"><\/figure>\n\n\n\n<div class=\"wp-block-columns are-vertically-aligned-center social-box-wrap is-layout-flex wp-container-core-columns-is-layout-20bb992b wp-block-columns-is-layout-flex\" style=\"margin-top:0;margin-bottom:0;padding-top:0;padding-right:0;padding-bottom:0;padding-left:0\">\n<div class=\"wp-block-column is-vertically-aligned-center social-text is-layout-flow wp-block-column-is-layout-flow\" style=\"flex-basis:25%\"><\/div>\n\n\n\n<div class=\"wp-block-column is-vertically-aligned-center is-layout-flow wp-block-column-is-layout-flow\" style=\"flex-basis:75%\"><\/div>\n<\/div>\n\n\n\n<div class=\"wp-block-columns review-wrap is-layout-flex wp-container-core-columns-is-layout-28f84493 wp-block-columns-is-layout-flex\">\n<div class=\"wp-block-column blank-colomn is-layout-flow wp-block-column-is-layout-flow\" style=\"flex-basis:10%\"><\/div>\n\n\n\n<div class=\"wp-block-column is-vertically-aligned-center review-text is-layout-flow wp-block-column-is-layout-flow\" style=\"flex-basis:15%\"><\/div>\n\n\n\n<div class=\"wp-block-column team-img is-layout-flow wp-block-column-is-layout-flow\" style=\"flex-basis:30%\"><\/div>\n\n\n\n<div class=\"wp-block-column blank-colomn is-layout-flow wp-block-column-is-layout-flow\" style=\"flex-basis:45%\"><\/div>\n<\/div>\n<\/div>\n<\/div>\n<\/div>\n<\/div><\/div>\n<\/div>\n\n\n\n<figure class=\"wp-block-gallery has-nested-images columns-default is-cropped wp-block-gallery-1 is-layout-flex wp-block-gallery-is-layout-flex\">\n<figure class=\"wp-block-image size-large\"><img loading=\"lazy\" decoding=\"async\" width=\"640\" height=\"427\" data-id=\"119\" src=\"https:\/\/swiatowi.pl\/wp-content\/uploads\/2025\/08\/biuro-podrozy-Czestochowa-2.jpg\" alt class=\"wp-image-119\" srcset=\"https:\/\/swiatowi.pl\/wp-content\/uploads\/2025\/08\/biuro-podrozy-Czestochowa-2.jpg 640w, https:\/\/swiatowi.pl\/wp-content\/uploads\/2025\/08\/biuro-podrozy-Czestochowa-2-300x200.jpg 300w\" sizes=\"auto, (max-width: 640px) 100vw, 640px\"><\/figure>\n\n\n\n<figure class=\"wp-block-image size-large\"><img loading=\"lazy\" decoding=\"async\" width=\"640\" height=\"428\" data-id=\"120\" src=\"https:\/\/swiatowi.pl\/wp-content\/uploads\/2025\/08\/biuro-podrozy-Tarnowskie-Gory.jpg\" alt class=\"wp-image-120\" srcset=\"https:\/\/swiatowi.pl\/wp-content\/uploads\/2025\/08\/biuro-podrozy-Tarnowskie-Gory.jpg 640w, https:\/\/swiatowi.pl\/wp-content\/uploads\/2025\/08\/biuro-podrozy-Tarnowskie-Gory-300x201.jpg 300w\" sizes=\"auto, (max-width: 640px) 100vw, 640px\"><\/figure>\n\n\n\n<figure class=\"wp-block-image size-large\"><img loading=\"lazy\" decoding=\"async\" width=\"640\" height=\"427\" data-id=\"121\" src=\"https:\/\/swiatowi.pl\/wp-content\/uploads\/2025\/08\/zaplanuj-wakacje.jpg\" alt class=\"wp-image-121\" srcset=\"https:\/\/swiatowi.pl\/wp-content\/uploads\/2025\/08\/zaplanuj-wakacje.jpg 640w, https:\/\/swiatowi.pl\/wp-content\/uploads\/2025\/08\/zaplanuj-wakacje-300x200.jpg 300w\" sizes=\"auto, (max-width: 640px) 100vw, 640px\"><\/figure>\n\n\n\n<figure class=\"wp-block-image size-large\"><img loading=\"lazy\" decoding=\"async\" width=\"640\" height=\"360\" data-id=\"122\" src=\"https:\/\/swiatowi.pl\/wp-content\/uploads\/2025\/08\/biuro-podrozy-trojmiasto.jpg\" alt class=\"wp-image-122\" srcset=\"https:\/\/swiatowi.pl\/wp-content\/uploads\/2025\/08\/biuro-podrozy-trojmiasto.jpg 640w, https:\/\/swiatowi.pl\/wp-content\/uploads\/2025\/08\/biuro-podrozy-trojmiasto-300x169.jpg 300w\" sizes=\"auto, (max-width: 640px) 100vw, 640px\"><\/figure>\n\n\n\n<figure class=\"wp-block-image size-large\"><img loading=\"lazy\" decoding=\"async\" width=\"640\" height=\"360\" data-id=\"123\" src=\"https:\/\/swiatowi.pl\/wp-content\/uploads\/2025\/08\/biuro-podrozy-warszawa-2.jpg\" alt class=\"wp-image-123\" srcset=\"https:\/\/swiatowi.pl\/wp-content\/uploads\/2025\/08\/biuro-podrozy-warszawa-2.jpg 640w, https:\/\/swiatowi.pl\/wp-content\/uploads\/2025\/08\/biuro-podrozy-warszawa-2-300x169.jpg 300w\" sizes=\"auto, (max-width: 640px) 100vw, 640px\"><\/figure>\n<\/figure>\n\n\n\n<h5 class=\"wp-block-heading\">Poznaj nas\u2026<\/h5>\n\n\n\n<p>Kim jeste\u015bmy? \u015awiatowi.pl to mul\u00adti\u00ada\u00adgenc\u00adja turysty\u00adcz\u00adna ofer\u00adu\u00adj\u0105\u00adca bogat\u0105 ofer\u00adt\u0119 wakacji, wycieczek, kolonii i oboz\u00f3w m\u0142odzie\u017cowych. Wsp\u00f3\u0142pracu\u00adje\u00admy z najwi\u0119k\u00adszy\u00admi tour\u00adop\u00ader\u00ada\u00adtora\u00admi, a naszym klien\u00adtom ofer\u00adu\u00adje\u00admy pro\u00adfesjon\u00adal\u00adn\u0105 obs\u0142ug\u0119 i indy\u00adwid\u00adu\u00adalne pode\u00adj\u015b\u00adcie. <\/p>\n\n\n\n<p>W ramach naszej ofer\u00adty zna\u00adjd\u0105 Pa\u0144st\u00adwo propozy\u00adc\u00adje:<\/p>\n\n\n\n<p>-wycieczek,<\/p>\n\n\n\n<p>-wakacji,<\/p>\n\n\n\n<p>-podr\u00f3\u017cy po\u015blub\u00adnych,<\/p>\n\n\n\n<p>-kolonii i oboz\u00f3w.<\/p>\n\n\n\n<p>Przed\u00adstaw\u00adicieli orga\u00adni\u00adza\u00adcji i firm zaprasza\u00admy do zapoz\u00adna\u00adnia si\u0119 z ofer\u00adt\u0105 skierowan\u0105 dla \u015brodowisk biz\u00adne\u00adsowych. <\/p>\n\n\n\n<h5 class=\"wp-block-heading\">Dlaczego my?<\/h5>\n\n\n\n<p>Nasza fir\u00adma dzi\u00ada\u0142a nieprz\u00ader\u00adwanie od 2015 roku, do ka\u017cdego klien\u00adta pod\u00adchodz\u00adimy indy\u00adwid\u00adu\u00adal\u00adnie. Dzi\u00ada\u0142amy na zasadach agen\u00adta turysty\u00adcznego, co oznacza, \u017ce w naszej ofer\u00adcie zna\u00adjd\u0105 Pa\u0144st\u00adwo ofer\u00adt\u0119 swoich ulu\u00adbionych tour\u00adop\u00ader\u00ada\u00adtor\u00f3w. <\/p>\n\n\n\n<h5 class=\"wp-block-heading\">planujesz  wakacj\u0119, wycieczk\u0119, wyjazd rodziny zapraszamy do kontaktu!<\/h5>\n\n\n\n<p>e\u2011mail: <a href=\"mailto:bok@swiatowi.pl\" title=\"bok@swiatowi.pl\">bok@swiatowi.pl<\/a><\/p>\n\n\n\n<p>kom. +48 536 960 440<\/p>\n\n\n\n<figure class=\"wp-block-gallery has-nested-images columns-default is-cropped wp-block-gallery-2 is-layout-flex wp-block-gallery-is-layout-flex\">\n<figure class=\"wp-block-image size-large\"><img loading=\"lazy\" decoding=\"async\" width=\"640\" height=\"427\" data-id=\"154\" src=\"https:\/\/swiatowi.pl\/wp-content\/uploads\/2025\/08\/Biuro-Podrozy-Gdansk.jpg\" alt class=\"wp-image-154\" srcset=\"https:\/\/swiatowi.pl\/wp-content\/uploads\/2025\/08\/Biuro-Podrozy-Gdansk.jpg 640w, https:\/\/swiatowi.pl\/wp-content\/uploads\/2025\/08\/Biuro-Podrozy-Gdansk-300x200.jpg 300w\" sizes=\"auto, (max-width: 640px) 100vw, 640px\"><\/figure>\n\n\n\n<figure class=\"wp-block-image size-large\"><img loading=\"lazy\" decoding=\"async\" width=\"640\" height=\"854\" data-id=\"155\" src=\"https:\/\/swiatowi.pl\/wp-content\/uploads\/2025\/08\/biuro-podrozy-Katowice-2-1.jpg\" alt class=\"wp-image-155\" srcset=\"https:\/\/swiatowi.pl\/wp-content\/uploads\/2025\/08\/biuro-podrozy-Katowice-2-1.jpg 640w, https:\/\/swiatowi.pl\/wp-content\/uploads\/2025\/08\/biuro-podrozy-Katowice-2-1-225x300.jpg 225w\" sizes=\"auto, (max-width: 640px) 100vw, 640px\"><\/figure>\n\n\n\n<figure class=\"wp-block-image size-large\"><img loading=\"lazy\" decoding=\"async\" width=\"640\" height=\"427\" data-id=\"156\" src=\"https:\/\/swiatowi.pl\/wp-content\/uploads\/2025\/08\/Biuro-Podrozy-Krakow-2.jpg\" alt class=\"wp-image-156\" srcset=\"https:\/\/swiatowi.pl\/wp-content\/uploads\/2025\/08\/Biuro-Podrozy-Krakow-2.jpg 640w, https:\/\/swiatowi.pl\/wp-content\/uploads\/2025\/08\/Biuro-Podrozy-Krakow-2-300x200.jpg 300w\" sizes=\"auto, (max-width: 640px) 100vw, 640px\"><\/figure>\n\n\n\n<figure class=\"wp-block-image size-large\"><img loading=\"lazy\" decoding=\"async\" width=\"640\" height=\"962\" data-id=\"157\" src=\"https:\/\/swiatowi.pl\/wp-content\/uploads\/2025\/08\/Biuro-Podrozy-Warszawa.jpg\" alt class=\"wp-image-157\" srcset=\"https:\/\/swiatowi.pl\/wp-content\/uploads\/2025\/08\/Biuro-Podrozy-Warszawa.jpg 640w, https:\/\/swiatowi.pl\/wp-content\/uploads\/2025\/08\/Biuro-Podrozy-Warszawa-200x300.jpg 200w\" sizes=\"auto, (max-width: 640px) 100vw, 640px\"><\/figure>\n\n\n\n<figure class=\"wp-block-image size-large\"><img loading=\"lazy\" decoding=\"async\" width=\"640\" height=\"828\" data-id=\"158\" src=\"https:\/\/swiatowi.pl\/wp-content\/uploads\/2025\/08\/Biuro-Podrozy-Lodz.jpg\" alt class=\"wp-image-158\" srcset=\"https:\/\/swiatowi.pl\/wp-content\/uploads\/2025\/08\/Biuro-Podrozy-Lodz.jpg 640w, https:\/\/swiatowi.pl\/wp-content\/uploads\/2025\/08\/Biuro-Podrozy-Lodz-232x300.jpg 232w\" sizes=\"auto, (max-width: 640px) 100vw, 640px\"><\/figure>\n\n\n\n<figure class=\"wp-block-image size-large\"><img loading=\"lazy\" decoding=\"async\" width=\"640\" height=\"960\" data-id=\"159\" src=\"https:\/\/swiatowi.pl\/wp-content\/uploads\/2025\/08\/Biuro-Podrozy-Szczecin.jpg\" alt class=\"wp-image-159\" srcset=\"https:\/\/swiatowi.pl\/wp-content\/uploads\/2025\/08\/Biuro-Podrozy-Szczecin.jpg 640w, https:\/\/swiatowi.pl\/wp-content\/uploads\/2025\/08\/Biuro-Podrozy-Szczecin-200x300.jpg 200w\" sizes=\"auto, (max-width: 640px) 100vw, 640px\"><\/figure>\n<\/figure>\n<\/div>\n\n\n\n<p><\/p>\n","protected":false},"excerpt":{"rendered":"","protected":false},"author":1,"featured_media":0,"parent":0,"menu_order":0,"comment_status":"closed","ping_status":"open","template":"","meta":{"wp_typography_post_enhancements_disabled":false,"footnotes":""},"class_list":["post-2","page","type-page","status-publish","hentry"],"aioseo_notices":[],"_links":{"self":[{"href":"https:\/\/swiatowi.pl\/index.php?rest_route=\/wp\/v2\/pages\/2","targetHints":{"allow":["GET"]}}],"collection":[{"href":"https:\/\/swiatowi.pl\/index.php?rest_route=\/wp\/v2\/pages"}],"about":[{"href":"https:\/\/swiatowi.pl\/index.php?rest_route=\/wp\/v2\/types\/page"}],"author":[{"embeddable":true,"href":"https:\/\/swiatowi.pl\/index.php?rest_route=\/wp\/v2\/users\/1"}],"replies":[{"embeddable":true,"href":"https:\/\/swiatowi.pl\/index.php?rest_route=%2Fwp%2Fv2%2Fcomments&post=2"}],"version-history":[{"count":11,"href":"https:\/\/swiatowi.pl\/index.php?rest_route=\/wp\/v2\/pages\/2\/revisions"}],"predecessor-version":[{"id":183,"href":"https:\/\/swiatowi.pl\/index.php?rest_route=\/wp\/v2\/pages\/2\/revisions\/183"}],"wp:attachment":[{"href":"https:\/\/swiatowi.pl\/index.php?rest_route=%2Fwp%2Fv2%2Fmedia&parent=2"}],"curies":[{"name":"wp","href":"https:\/\/api.w.org\/{rel}","templated":true}]}}